{"id":14518,"date":"2023-01-19T09:50:33","date_gmt":"2023-01-19T09:50:33","guid":{"rendered":"https:\/\/planetetennis.fr\/?post_type=product&#038;p=14518"},"modified":"2024-01-03T16:22:03","modified_gmt":"2024-01-03T16:22:03","slug":"short-junior-melbourne","status":"publish","type":"product","link":"https:\/\/planetetennis.fr\/es\/product\/short-junior-melbourne\/","title":{"rendered":"Short Junior Melbourne"},"content":{"rendered":"<p>Ce short BIDI BADU est le compagnon id\u00e9al des hauts Melbourne. Le motif discr\u00e8tement plac\u00e9 dans les inserts lat\u00e9raux est inspir\u00e9 des impressionnantes peintures des peuples indig\u00e8nes d&#8217;Australie. Ces shorts sont port\u00e9s par nos athl\u00e8tes ici m\u00eame, lors du premier Grand Chelem de l&#8217;ann\u00e9e. La coupe courte est particuli\u00e8rement confortable lorsque vous voulez donner le meilleur de vous-m\u00eame. Le mat\u00e9riau absorbant l&#8217;humidit\u00e9 et les inserts garantissent une sensation agr\u00e9able d&#8217;a\u00e9ration, m\u00eame par temps chaud. En outre, la coupe ergonomique et le tissu extensible garantissent un ajustement optimal et une libert\u00e9 de mouvement totale pour le jeu. Le poignet \u00e9lastique garantit un ajustement parfaitement confortable.<\/p>","protected":false},"excerpt":{"rendered":"<p>Ces shorts sont port\u00e9s par nos athl\u00e8tes ici m\u00eame, lors du premier Grand Chelem de l&#8217;ann\u00e9e. La coupe courte est particuli\u00e8rement confortable lorsque vous voulez donner le meilleur de vous-m\u00eame.<\/p>","protected":false},"featured_media":14523,"comment_status":"open","ping_status":"closed","template":"","meta":{"_monsterinsights_skip_tracking":false,"_monsterinsights_sitenote_active":false,"_monsterinsights_sitenote_note":"","_monsterinsights_sitenote_category":0},"product_brand":[],"product_cat":[496,475,482],"product_tag":[],"class_list":{"0":"post-14518","1":"product","2":"type-product","3":"status-publish","4":"has-post-thumbnail","6":"product_cat-short-garcon","7":"product_cat-vetements-tennis","8":"product_cat-garcon","10":"first","11":"onbackorder","12":"taxable","13":"shipping-taxable","14":"purchasable","15":"product-type-variable"},"yoast_head":"<!-- This site is optimized with the Yoast SEO plugin v27.5 - https:\/\/yoast.com\/product\/yoast-seo-wordpress\/ -->\n<title>Short Junior Melbourne - Planetetennis<\/title>\n<meta name=\"description\" content=\"Ces shorts sont port\u00e9s par nos athl\u00e8tes ici m\u00eame, lors du premier Grand Chelem de l&#039;ann\u00e9e. La coupe courte est particuli\u00e8rement confortable lorsque vous voulez donner le meilleur de vous-m\u00eame.\" \/>\n<meta name=\"robots\" content=\"index, follow, max-snippet:-1, max-image-preview:large, max-video-preview:-1\" \/>\n<link rel=\"canonical\" href=\"https:\/\/planetetennis.fr\/es\/product\/short-junior-melbourne\/\" \/>\n<meta property=\"og:locale\" content=\"es_ES\" \/>\n<meta property=\"og:type\" content=\"article\" \/>\n<meta property=\"og:title\" content=\"Short Junior Melbourne - Planetetennis\" \/>\n<meta property=\"og:description\" content=\"Ces shorts sont port\u00e9s par nos athl\u00e8tes ici m\u00eame, lors du premier Grand Chelem de l&#039;ann\u00e9e. La coupe courte est particuli\u00e8rement confortable lorsque vous voulez donner le meilleur de vous-m\u00eame.\" \/>\n<meta property=\"og:url\" content=\"https:\/\/planetetennis.fr\/es\/product\/short-junior-melbourne\/\" \/>\n<meta property=\"og:site_name\" content=\"Planetetennis\" \/>\n<meta property=\"article:modified_time\" content=\"2024-01-03T16:22:03+00:00\" \/>\n<meta property=\"og:image\" content=\"https:\/\/planetetennis.fr\/wp-content\/uploads\/2023\/01\/B1470004-BKWH-front.jpg\" \/>\n\t<meta property=\"og:image:width\" content=\"1000\" \/>\n\t<meta property=\"og:image:height\" content=\"1000\" \/>\n\t<meta property=\"og:image:type\" content=\"image\/jpeg\" \/>\n<meta name=\"twitter:card\" content=\"summary_large_image\" \/>\n<meta name=\"twitter:label1\" content=\"Est. reading time\" \/>\n\t<meta name=\"twitter:data1\" content=\"1 minute\" \/>\n<script type=\"application\/ld+json\" class=\"yoast-schema-graph\">{\"@context\":\"https:\\\/\\\/schema.org\",\"@graph\":[{\"@type\":\"WebPage\",\"@id\":\"https:\\\/\\\/planetetennis.fr\\\/product\\\/short-junior-melbourne\\\/\",\"url\":\"https:\\\/\\\/planetetennis.fr\\\/product\\\/short-junior-melbourne\\\/\",\"name\":\"Short Junior Melbourne - Planetetennis\",\"isPartOf\":{\"@id\":\"https:\\\/\\\/planetetennis.fr\\\/#website\"},\"primaryImageOfPage\":{\"@id\":\"https:\\\/\\\/planetetennis.fr\\\/product\\\/short-junior-melbourne\\\/#primaryimage\"},\"image\":{\"@id\":\"https:\\\/\\\/planetetennis.fr\\\/product\\\/short-junior-melbourne\\\/#primaryimage\"},\"thumbnailUrl\":\"https:\\\/\\\/planetetennis.fr\\\/wp-content\\\/uploads\\\/2023\\\/01\\\/B1470004-BKWH-front.jpg\",\"datePublished\":\"2023-01-19T09:50:33+00:00\",\"dateModified\":\"2024-01-03T16:22:03+00:00\",\"description\":\"Ces shorts sont port\u00e9s par nos athl\u00e8tes ici m\u00eame, lors du premier Grand Chelem de l'ann\u00e9e. La coupe courte est particuli\u00e8rement confortable lorsque vous voulez donner le meilleur de vous-m\u00eame.\",\"breadcrumb\":{\"@id\":\"https:\\\/\\\/planetetennis.fr\\\/product\\\/short-junior-melbourne\\\/#breadcrumb\"},\"inLanguage\":\"es-ES\",\"potentialAction\":[{\"@type\":\"ReadAction\",\"target\":[\"https:\\\/\\\/planetetennis.fr\\\/product\\\/short-junior-melbourne\\\/\"]}]},{\"@type\":\"ImageObject\",\"inLanguage\":\"es-ES\",\"@id\":\"https:\\\/\\\/planetetennis.fr\\\/product\\\/short-junior-melbourne\\\/#primaryimage\",\"url\":\"https:\\\/\\\/planetetennis.fr\\\/wp-content\\\/uploads\\\/2023\\\/01\\\/B1470004-BKWH-front.jpg\",\"contentUrl\":\"https:\\\/\\\/planetetennis.fr\\\/wp-content\\\/uploads\\\/2023\\\/01\\\/B1470004-BKWH-front.jpg\",\"width\":1000,\"height\":1000},{\"@type\":\"BreadcrumbList\",\"@id\":\"https:\\\/\\\/planetetennis.fr\\\/product\\\/short-junior-melbourne\\\/#breadcrumb\",\"itemListElement\":[{\"@type\":\"ListItem\",\"position\":1,\"name\":\"Accueil\",\"item\":\"https:\\\/\\\/planetetennis.fr\\\/\"},{\"@type\":\"ListItem\",\"position\":2,\"name\":\"Nos produits\",\"item\":\"https:\\\/\\\/planetetennis.fr\\\/produits\\\/\"},{\"@type\":\"ListItem\",\"position\":3,\"name\":\"Short Junior Melbourne\"}]},{\"@type\":\"WebSite\",\"@id\":\"https:\\\/\\\/planetetennis.fr\\\/#website\",\"url\":\"https:\\\/\\\/planetetennis.fr\\\/\",\"name\":\"Planetetennis\",\"description\":\"Cordages de tennis monofilament fran\u00e7ais\",\"publisher\":{\"@id\":\"https:\\\/\\\/planetetennis.fr\\\/#organization\"},\"potentialAction\":[{\"@type\":\"SearchAction\",\"target\":{\"@type\":\"EntryPoint\",\"urlTemplate\":\"https:\\\/\\\/planetetennis.fr\\\/?s={search_term_string}\"},\"query-input\":{\"@type\":\"PropertyValueSpecification\",\"valueRequired\":true,\"valueName\":\"search_term_string\"}}],\"inLanguage\":\"es-ES\"},{\"@type\":\"Organization\",\"@id\":\"https:\\\/\\\/planetetennis.fr\\\/#organization\",\"name\":\"Planetetennis\",\"url\":\"https:\\\/\\\/planetetennis.fr\\\/\",\"logo\":{\"@type\":\"ImageObject\",\"inLanguage\":\"es-ES\",\"@id\":\"https:\\\/\\\/planetetennis.fr\\\/#\\\/schema\\\/logo\\\/image\\\/\",\"url\":\"https:\\\/\\\/planetetennis.fr\\\/wp-content\\\/uploads\\\/2021\\\/10\\\/logocolor03.png\",\"contentUrl\":\"https:\\\/\\\/planetetennis.fr\\\/wp-content\\\/uploads\\\/2021\\\/10\\\/logocolor03.png\",\"width\":230,\"height\":58,\"caption\":\"Planetetennis\"},\"image\":{\"@id\":\"https:\\\/\\\/planetetennis.fr\\\/#\\\/schema\\\/logo\\\/image\\\/\"}}]}<\/script>\n<!-- \/ Yoast SEO plugin. -->","yoast_head_json":{"title":"Short Junior Melbourne - Planetetennis","description":"Ces shorts sont port\u00e9s par nos athl\u00e8tes ici m\u00eame, lors du premier Grand Chelem de l'ann\u00e9e. La coupe courte est particuli\u00e8rement confortable lorsque vous voulez donner le meilleur de vous-m\u00eame.","robots":{"index":"index","follow":"follow","max-snippet":"max-snippet:-1","max-image-preview":"max-image-preview:large","max-video-preview":"max-video-preview:-1"},"canonical":"https:\/\/planetetennis.fr\/es\/product\/short-junior-melbourne\/","og_locale":"es_ES","og_type":"article","og_title":"Short Junior Melbourne - Planetetennis","og_description":"Ces shorts sont port\u00e9s par nos athl\u00e8tes ici m\u00eame, lors du premier Grand Chelem de l'ann\u00e9e. La coupe courte est particuli\u00e8rement confortable lorsque vous voulez donner le meilleur de vous-m\u00eame.","og_url":"https:\/\/planetetennis.fr\/es\/product\/short-junior-melbourne\/","og_site_name":"Planetetennis","article_modified_time":"2024-01-03T16:22:03+00:00","og_image":[{"width":1000,"height":1000,"url":"https:\/\/planetetennis.fr\/wp-content\/uploads\/2023\/01\/B1470004-BKWH-front.jpg","type":"image\/jpeg"}],"twitter_card":"summary_large_image","twitter_misc":{"Est. reading time":"1 minute"},"schema":{"@context":"https:\/\/schema.org","@graph":[{"@type":"WebPage","@id":"https:\/\/planetetennis.fr\/product\/short-junior-melbourne\/","url":"https:\/\/planetetennis.fr\/product\/short-junior-melbourne\/","name":"Short Junior Melbourne - Planetetennis","isPartOf":{"@id":"https:\/\/planetetennis.fr\/#website"},"primaryImageOfPage":{"@id":"https:\/\/planetetennis.fr\/product\/short-junior-melbourne\/#primaryimage"},"image":{"@id":"https:\/\/planetetennis.fr\/product\/short-junior-melbourne\/#primaryimage"},"thumbnailUrl":"https:\/\/planetetennis.fr\/wp-content\/uploads\/2023\/01\/B1470004-BKWH-front.jpg","datePublished":"2023-01-19T09:50:33+00:00","dateModified":"2024-01-03T16:22:03+00:00","description":"Ces shorts sont port\u00e9s par nos athl\u00e8tes ici m\u00eame, lors du premier Grand Chelem de l'ann\u00e9e. La coupe courte est particuli\u00e8rement confortable lorsque vous voulez donner le meilleur de vous-m\u00eame.","breadcrumb":{"@id":"https:\/\/planetetennis.fr\/product\/short-junior-melbourne\/#breadcrumb"},"inLanguage":"es-ES","potentialAction":[{"@type":"ReadAction","target":["https:\/\/planetetennis.fr\/product\/short-junior-melbourne\/"]}]},{"@type":"ImageObject","inLanguage":"es-ES","@id":"https:\/\/planetetennis.fr\/product\/short-junior-melbourne\/#primaryimage","url":"https:\/\/planetetennis.fr\/wp-content\/uploads\/2023\/01\/B1470004-BKWH-front.jpg","contentUrl":"https:\/\/planetetennis.fr\/wp-content\/uploads\/2023\/01\/B1470004-BKWH-front.jpg","width":1000,"height":1000},{"@type":"BreadcrumbList","@id":"https:\/\/planetetennis.fr\/product\/short-junior-melbourne\/#breadcrumb","itemListElement":[{"@type":"ListItem","position":1,"name":"Accueil","item":"https:\/\/planetetennis.fr\/"},{"@type":"ListItem","position":2,"name":"Nos produits","item":"https:\/\/planetetennis.fr\/produits\/"},{"@type":"ListItem","position":3,"name":"Short Junior Melbourne"}]},{"@type":"WebSite","@id":"https:\/\/planetetennis.fr\/#website","url":"https:\/\/planetetennis.fr\/","name":"Planeta tenis","description":"Cordages de tennis monofilament fran\u00e7ais","publisher":{"@id":"https:\/\/planetetennis.fr\/#organization"},"potentialAction":[{"@type":"SearchAction","target":{"@type":"EntryPoint","urlTemplate":"https:\/\/planetetennis.fr\/?s={search_term_string}"},"query-input":{"@type":"PropertyValueSpecification","valueRequired":true,"valueName":"search_term_string"}}],"inLanguage":"es-ES"},{"@type":"Organization","@id":"https:\/\/planetetennis.fr\/#organization","name":"Planeta tenis","url":"https:\/\/planetetennis.fr\/","logo":{"@type":"ImageObject","inLanguage":"es-ES","@id":"https:\/\/planetetennis.fr\/#\/schema\/logo\/image\/","url":"https:\/\/planetetennis.fr\/wp-content\/uploads\/2021\/10\/logocolor03.png","contentUrl":"https:\/\/planetetennis.fr\/wp-content\/uploads\/2021\/10\/logocolor03.png","width":230,"height":58,"caption":"Planetetennis"},"image":{"@id":"https:\/\/planetetennis.fr\/#\/schema\/logo\/image\/"}}]}},"_links":{"self":[{"href":"https:\/\/planetetennis.fr\/es\/wp-json\/wp\/v2\/product\/14518","targetHints":{"allow":["GET"]}}],"collection":[{"href":"https:\/\/planetetennis.fr\/es\/wp-json\/wp\/v2\/product"}],"about":[{"href":"https:\/\/planetetennis.fr\/es\/wp-json\/wp\/v2\/types\/product"}],"replies":[{"embeddable":true,"href":"https:\/\/planetetennis.fr\/es\/wp-json\/wp\/v2\/comments?post=14518"}],"wp:featuredmedia":[{"embeddable":true,"href":"https:\/\/planetetennis.fr\/es\/wp-json\/wp\/v2\/media\/14523"}],"wp:attachment":[{"href":"https:\/\/planetetennis.fr\/es\/wp-json\/wp\/v2\/media?parent=14518"}],"wp:term":[{"taxonomy":"product_brand","embeddable":true,"href":"https:\/\/planetetennis.fr\/es\/wp-json\/wp\/v2\/product_brand?post=14518"},{"taxonomy":"product_cat","embeddable":true,"href":"https:\/\/planetetennis.fr\/es\/wp-json\/wp\/v2\/product_cat?post=14518"},{"taxonomy":"product_tag","embeddable":true,"href":"https:\/\/planetetennis.fr\/es\/wp-json\/wp\/v2\/product_tag?post=14518"}],"curies":[{"name":"wp","href":"https:\/\/api.w.org\/{rel}","templated":true}]}}

<p>Ce short BIDI BADU est le compagnon idéal des hauts Melbourne. Le motif discrètement placé dans les inserts latéraux est inspiré des impressionnantes peintures des peuples indigènes d&#8217;Australie. Ces shorts sont portés par nos athlètes ici même, lors du premier Grand Chelem de l&#8217;année. La coupe courte est particulièrement confortable lorsque vous voulez donner le meilleur de vous-même. Le matériau absorbant l&#8217;humidité et les inserts garantissent une sensation agréable d&#8217;aération, même par temps chaud. En outre, la coupe ergonomique et le tissu extensible garantissent un ajustement optimal et une liberté de mouvement totale pour le jeu. Le poignet élastique garantit un ajustement parfaitement confortable.</p>

<p>Ces shorts sont portés par nos athlètes ici même, lors du premier Grand Chelem de l&#8217;année. La coupe courte est particulièrement confortable lorsque vous voulez donner le meilleur de vous-même.</p>

<!-- This site is optimized with the Yoast SEO plugin v27.5 - https://yoast.com/product/yoast-seo-wordpress/ -->
<title>Short Junior Melbourne - Planetetennis</title>
<meta name="description" content="Ces shorts sont portés par nos athlètes ici même, lors du premier Grand Chelem de l&#039;année. La coupe courte est particulièrement confortable lorsque vous voulez donner le meilleur de vous-même." />
<meta name="robots" content="index, follow, max-snippet:-1, max-image-preview:large, max-video-preview:-1" />
<link rel="canonical" href="https://planetetennis.fr/es/product/short-junior-melbourne/" />
<meta property="og:locale" content="es_ES" />
<meta property="og:type" content="article" />
<meta property="og:title" content="Short Junior Melbourne - Planetetennis" />
<meta property="og:description" content="Ces shorts sont portés par nos athlètes ici même, lors du premier Grand Chelem de l&#039;année. La coupe courte est particulièrement confortable lorsque vous voulez donner le meilleur de vous-même." />
<meta property="og:url" content="https://planetetennis.fr/es/product/short-junior-melbourne/" />
<meta property="og:site_name" content="Planetetennis" />
<meta property="article:modified_time" content="2024-01-03T16:22:03+00:00" />
<meta property="og:image" content="https://planetetennis.fr/wp-content/uploads/2023/01/B1470004-BKWH-front.jpg" />
	<meta property="og:image:width" content="1000" />
	<meta property="og:image:height" content="1000" />
	<meta property="og:image:type" content="image/jpeg" />
<meta name="twitter:card" content="summary_large_image" />
<meta name="twitter:label1" content="Est. reading time" />
	<meta name="twitter:data1" content="1 minute" />
<script type="application/ld+json" class="yoast-schema-graph">{"@context":"https:\/\/schema.org","@graph":[{"@type":"WebPage","@id":"https:\/\/planetetennis.fr\/product\/short-junior-melbourne\/","url":"https:\/\/planetetennis.fr\/product\/short-junior-melbourne\/","name":"Short Junior Melbourne - Planetetennis","isPartOf":{"@id":"https:\/\/planetetennis.fr\/#website"},"primaryImageOfPage":{"@id":"https:\/\/planetetennis.fr\/product\/short-junior-melbourne\/#primaryimage"},"image":{"@id":"https:\/\/planetetennis.fr\/product\/short-junior-melbourne\/#primaryimage"},"thumbnailUrl":"https:\/\/planetetennis.fr\/wp-content\/uploads\/2023\/01\/B1470004-BKWH-front.jpg","datePublished":"2023-01-19T09:50:33+00:00","dateModified":"2024-01-03T16:22:03+00:00","description":"Ces shorts sont portés par nos athlètes ici même, lors du premier Grand Chelem de l'année. La coupe courte est particulièrement confortable lorsque vous voulez donner le meilleur de vous-même.","breadcrumb":{"@id":"https:\/\/planetetennis.fr\/product\/short-junior-melbourne\/#breadcrumb"},"inLanguage":"es-ES","potentialAction":[{"@type":"ReadAction","target":["https:\/\/planetetennis.fr\/product\/short-junior-melbourne\/"]}]},{"@type":"ImageObject","inLanguage":"es-ES","@id":"https:\/\/planetetennis.fr\/product\/short-junior-melbourne\/#primaryimage","url":"https:\/\/planetetennis.fr\/wp-content\/uploads\/2023\/01\/B1470004-BKWH-front.jpg","contentUrl":"https:\/\/planetetennis.fr\/wp-content\/uploads\/2023\/01\/B1470004-BKWH-front.jpg","width":1000,"height":1000},{"@type":"BreadcrumbList","@id":"https:\/\/planetetennis.fr\/product\/short-junior-melbourne\/#breadcrumb","itemListElement":[{"@type":"ListItem","position":1,"name":"Accueil","item":"https:\/\/planetetennis.fr\/"},{"@type":"ListItem","position":2,"name":"Nos produits","item":"https:\/\/planetetennis.fr\/produits\/"},{"@type":"ListItem","position":3,"name":"Short Junior Melbourne"}]},{"@type":"WebSite","@id":"https:\/\/planetetennis.fr\/#website","url":"https:\/\/planetetennis.fr\/","name":"Planetetennis","description":"Cordages de tennis monofilament français","publisher":{"@id":"https:\/\/planetetennis.fr\/#organization"},"potentialAction":[{"@type":"SearchAction","target":{"@type":"EntryPoint","urlTemplate":"https:\/\/planetetennis.fr\/?s={search_term_string}"},"query-input":{"@type":"PropertyValueSpecification","valueRequired":true,"valueName":"search_term_string"}}],"inLanguage":"es-ES"},{"@type":"Organization","@id":"https:\/\/planetetennis.fr\/#organization","name":"Planetetennis","url":"https:\/\/planetetennis.fr\/","logo":{"@type":"ImageObject","inLanguage":"es-ES","@id":"https:\/\/planetetennis.fr\/#\/schema\/logo\/image\/","url":"https:\/\/planetetennis.fr\/wp-content\/uploads\/2021\/10\/logocolor03.png","contentUrl":"https:\/\/planetetennis.fr\/wp-content\/uploads\/2021\/10\/logocolor03.png","width":230,"height":58,"caption":"Planetetennis"},"image":{"@id":"https:\/\/planetetennis.fr\/#\/schema\/logo\/image\/"}}]}</script>
<!-- / Yoast SEO plugin. -->

Ces shorts sont portés par nos athlètes ici même, lors du premier Grand Chelem de l'année. La coupe courte est particulièrement confortable lorsque vous voulez donner le meilleur de vous-même.

Cordages de tennis monofilament français
